{"id":189,"date":"2022-12-14T16:16:48","date_gmt":"2022-12-14T16:16:48","guid":{"rendered":"https:\/\/conferences.law.stanford.edu\/computational-antitrust-implementing-antitrust\/?page_id=189"},"modified":"2022-12-14T16:23:06","modified_gmt":"2022-12-14T16:23:06","slug":"videos","status":"publish","type":"page","link":"https:\/\/conferences.law.stanford.edu\/computational-antitrust-implementing-antitrust\/videos\/","title":{"rendered":"Videos"},"content":{"rendered":"<p><iframe loading=\"lazy\" title=\"Computational Antitrust: State of the Art (Thibault Schrepel, Teodora Groza, Roland Vogl)\" width=\"500\" height=\"281\" src=\"https:\/\/www.youtube.com\/embed\/ApmKPkLvrHY?feature=oembed\" frameborder=\"0\" allow=\"accelerometer; autoplay; clipboard-write; encrypted-media; gyroscope; picture-in-picture; web-share\" referrerpolicy=\"strict-origin-when-cross-origin\" allowfullscreen><\/iframe><\/p>\n<p><iframe loading=\"lazy\" title=\"Computational Antitrust at the DOJ Antitrust Division (Laura Edelson)\" width=\"500\" height=\"281\" src=\"https:\/\/www.youtube.com\/embed\/GIZOUKdyIg4?feature=oembed\" frameborder=\"0\" allow=\"accelerometer; autoplay; clipboard-write; encrypted-media; gyroscope; picture-in-picture; web-share\" referrerpolicy=\"strict-origin-when-cross-origin\" allowfullscreen><\/iframe><\/p>\n<p><iframe loading=\"lazy\" title=\"Algorithmic Governance in Computational Antitrust (Mattiuzzo, Botero, Petit, Williams)\" width=\"500\" height=\"281\" src=\"https:\/\/www.youtube.com\/embed\/zWd3SGoGyxc?feature=oembed\" frameborder=\"0\" allow=\"accelerometer; autoplay; clipboard-write; encrypted-media; gyroscope; picture-in-picture; web-share\" referrerpolicy=\"strict-origin-when-cross-origin\" allowfullscreen><\/iframe><\/p>\n<p><iframe loading=\"lazy\" title=\"The New Antitrust Detectives (Joe Harrington, Mary-Anne Williams, Mariah Kirubi, Daniel Linna Jr.)\" width=\"500\" height=\"281\" src=\"https:\/\/www.youtube.com\/embed\/QAKezlG4w7U?feature=oembed\" frameborder=\"0\" allow=\"accelerometer; autoplay; clipboard-write; encrypted-media; gyroscope; picture-in-picture; web-share\" referrerpolicy=\"strict-origin-when-cross-origin\" allowfullscreen><\/iframe><\/p>\n<p><iframe loading=\"lazy\" title=\"Computational Antitrust: A Practical Session (Yann Guthmann, T. Schrepel, A. Sotropa, T. Abreu)\" width=\"500\" height=\"281\" src=\"https:\/\/www.youtube.com\/embed\/gs07BGOCbCU?feature=oembed\" frameborder=\"0\" allow=\"accelerometer; autoplay; clipboard-write; encrypted-media; gyroscope; picture-in-picture; web-share\" referrerpolicy=\"strict-origin-when-cross-origin\" allowfullscreen><\/iframe><\/p>\n<p><iframe loading=\"lazy\" title=\"Computational Antitrust: Working Solutions (Fox, Melamed, Cao, Budzinski, Noskova, Groza)\" width=\"500\" height=\"281\" src=\"https:\/\/www.youtube.com\/embed\/Wfaj8DfCnsw?feature=oembed\" frameborder=\"0\" allow=\"accelerometer; autoplay; clipboard-write; encrypted-media; gyroscope; picture-in-picture; web-share\" referrerpolicy=\"strict-origin-when-cross-origin\" allowfullscreen><\/iframe><\/p>\n<p><iframe loading=\"lazy\" title=\"Computational Antitrust: Antitrust Agencies\u2019 View (Dorrell, Sk\u00e1celov\u00e1, Gim\u00e9nez, Westrik, Groza)\" width=\"500\" height=\"281\" src=\"https:\/\/www.youtube.com\/embed\/HPEqIPay3Pg?feature=oembed\" frameborder=\"0\" allow=\"accelerometer; autoplay; clipboard-write; encrypted-media; gyroscope; picture-in-picture; web-share\" referrerpolicy=\"strict-origin-when-cross-origin\" allowfullscreen><\/iframe><\/p>\n<p><iframe loading=\"lazy\" title=\"What To Research in Computational Antitrust\" width=\"500\" height=\"281\" src=\"https:\/\/www.youtube.com\/embed\/VNbFYOnOaTE?feature=oembed\" frameborder=\"0\" allow=\"accelerometer; autoplay; clipboard-write; encrypted-media; gyroscope; picture-in-picture; web-share\" referrerpolicy=\"strict-origin-when-cross-origin\" allowfullscreen><\/iframe><\/p>\n<p><iframe loading=\"lazy\" title=\"Computational Antitrust: Measuring Interlocks in The Life Sciences Industry (Mark Lemley)\" width=\"500\" height=\"281\" src=\"https:\/\/www.youtube.com\/embed\/kRuOmWbnNp4?feature=oembed\" frameborder=\"0\" allow=\"accelerometer; autoplay; clipboard-write; encrypted-media; gyroscope; picture-in-picture; web-share\" referrerpolicy=\"strict-origin-when-cross-origin\" allowfullscreen><\/iframe><\/p>\n<p><iframe loading=\"lazy\" title=\"Web3: The Future of Platforms and Business Ecosystems (Scott Kominers)\" width=\"500\" height=\"281\" src=\"https:\/\/www.youtube.com\/embed\/6qWXV2sYH-U?feature=oembed\" frameborder=\"0\" allow=\"accelerometer; autoplay; clipboard-write; encrypted-media; gyroscope; picture-in-picture; web-share\" referrerpolicy=\"strict-origin-when-cross-origin\" allowfullscreen><\/iframe><\/p>\n<p><iframe loading=\"lazy\" title=\"Computational Antitrust in Blockchain Ecosystems (McCaskill, Goanta, Greenwood, ten Seldam)\" width=\"500\" height=\"281\" src=\"https:\/\/www.youtube.com\/embed\/jb25Ikh0Ckc?feature=oembed\" frameborder=\"0\" allow=\"accelerometer; autoplay; clipboard-write; encrypted-media; gyroscope; picture-in-picture; web-share\" referrerpolicy=\"strict-origin-when-cross-origin\" allowfullscreen><\/iframe><\/p>\n<p><iframe loading=\"lazy\" title=\"The Future of Computational Antitrust (Crane, Gal, Kovacic, Askin, Wierzbicka)\" width=\"500\" height=\"281\" src=\"https:\/\/www.youtube.com\/embed\/IA9xLJZDtZU?feature=oembed\" frameborder=\"0\" allow=\"accelerometer; autoplay; clipboard-write; encrypted-media; gyroscope; picture-in-picture; web-share\" referrerpolicy=\"strict-origin-when-cross-origin\" allowfullscreen><\/iframe><\/p>\n","protected":false},"excerpt":{"rendered":"","protected":false},"author":112,"featured_media":0,"parent":0,"menu_order":0,"comment_status":"closed","ping_status":"closed","template":"","meta":{"footnotes":""},"class_list":["post-189","page","type-page","status-publish","hentry"],"yoast_head":"<!-- This site is optimized with the Yoast SEO plugin v27.2 - https:\/\/yoast.com\/product\/yoast-seo-wordpress\/ -->\n<title>Videos - Computational Antitrust: Implementing Antitrust 3.0<\/title>\n<meta name=\"robots\" content=\"index, follow, max-snippet:-1, max-image-preview:large, max-video-preview:-1\" \/>\n<link rel=\"canonical\" href=\"https:\/\/conferences.law.stanford.edu\/computational-antitrust-implementing-antitrust\/videos\/\" \/>\n<meta property=\"og:locale\" content=\"en_US\" \/>\n<meta property=\"og:type\" content=\"article\" \/>\n<meta property=\"og:title\" content=\"Videos - Computational Antitrust: Implementing Antitrust 3.0\" \/>\n<meta property=\"og:url\" content=\"https:\/\/conferences.law.stanford.edu\/computational-antitrust-implementing-antitrust\/videos\/\" \/>\n<meta property=\"og:site_name\" content=\"Computational Antitrust: Implementing Antitrust 3.0\" \/>\n<meta property=\"article:modified_time\" content=\"2022-12-14T16:23:06+00:00\" \/>\n<meta name=\"twitter:card\" content=\"summary_large_image\" \/>\n<meta name=\"twitter:label1\" content=\"Est. reading time\" \/>\n\t<meta name=\"twitter:data1\" content=\"1 minute\" \/>\n<script type=\"application\/ld+json\" class=\"yoast-schema-graph\">{\"@context\":\"https:\/\/schema.org\",\"@graph\":[{\"@type\":\"WebPage\",\"@id\":\"https:\/\/conferences.law.stanford.edu\/computational-antitrust-implementing-antitrust\/videos\/\",\"url\":\"https:\/\/conferences.law.stanford.edu\/computational-antitrust-implementing-antitrust\/videos\/\",\"name\":\"Videos - Computational Antitrust: Implementing Antitrust 3.0\",\"isPartOf\":{\"@id\":\"https:\/\/conferences.law.stanford.edu\/computational-antitrust-implementing-antitrust\/#website\"},\"datePublished\":\"2022-12-14T16:16:48+00:00\",\"dateModified\":\"2022-12-14T16:23:06+00:00\",\"breadcrumb\":{\"@id\":\"https:\/\/conferences.law.stanford.edu\/computational-antitrust-implementing-antitrust\/videos\/#breadcrumb\"},\"inLanguage\":\"en-US\",\"potentialAction\":[{\"@type\":\"ReadAction\",\"target\":[\"https:\/\/conferences.law.stanford.edu\/computational-antitrust-implementing-antitrust\/videos\/\"]}]},{\"@type\":\"BreadcrumbList\",\"@id\":\"https:\/\/conferences.law.stanford.edu\/computational-antitrust-implementing-antitrust\/videos\/#breadcrumb\",\"itemListElement\":[{\"@type\":\"ListItem\",\"position\":1,\"name\":\"Home\",\"item\":\"https:\/\/conferences.law.stanford.edu\/computational-antitrust-implementing-antitrust\/\"},{\"@type\":\"ListItem\",\"position\":2,\"name\":\"Videos\"}]},{\"@type\":\"WebSite\",\"@id\":\"https:\/\/conferences.law.stanford.edu\/computational-antitrust-implementing-antitrust\/#website\",\"url\":\"https:\/\/conferences.law.stanford.edu\/computational-antitrust-implementing-antitrust\/\",\"name\":\"Computational Antitrust: Implementing Antitrust 3.0\",\"description\":\"\",\"potentialAction\":[{\"@type\":\"SearchAction\",\"target\":{\"@type\":\"EntryPoint\",\"urlTemplate\":\"https:\/\/conferences.law.stanford.edu\/computational-antitrust-implementing-antitrust\/?s={search_term_string}\"},\"query-input\":{\"@type\":\"PropertyValueSpecification\",\"valueRequired\":true,\"valueName\":\"search_term_string\"}}],\"inLanguage\":\"en-US\"}]}<\/script>\n<!-- \/ Yoast SEO plugin. -->","yoast_head_json":{"title":"Videos - Computational Antitrust: Implementing Antitrust 3.0","robots":{"index":"index","follow":"follow","max-snippet":"max-snippet:-1","max-image-preview":"max-image-preview:large","max-video-preview":"max-video-preview:-1"},"canonical":"https:\/\/conferences.law.stanford.edu\/computational-antitrust-implementing-antitrust\/videos\/","og_locale":"en_US","og_type":"article","og_title":"Videos - Computational Antitrust: Implementing Antitrust 3.0","og_url":"https:\/\/conferences.law.stanford.edu\/computational-antitrust-implementing-antitrust\/videos\/","og_site_name":"Computational Antitrust: Implementing Antitrust 3.0","article_modified_time":"2022-12-14T16:23:06+00:00","twitter_card":"summary_large_image","twitter_misc":{"Est. reading time":"1 minute"},"schema":{"@context":"https:\/\/schema.org","@graph":[{"@type":"WebPage","@id":"https:\/\/conferences.law.stanford.edu\/computational-antitrust-implementing-antitrust\/videos\/","url":"https:\/\/conferences.law.stanford.edu\/computational-antitrust-implementing-antitrust\/videos\/","name":"Videos - Computational Antitrust: Implementing Antitrust 3.0","isPartOf":{"@id":"https:\/\/conferences.law.stanford.edu\/computational-antitrust-implementing-antitrust\/#website"},"datePublished":"2022-12-14T16:16:48+00:00","dateModified":"2022-12-14T16:23:06+00:00","breadcrumb":{"@id":"https:\/\/conferences.law.stanford.edu\/computational-antitrust-implementing-antitrust\/videos\/#breadcrumb"},"inLanguage":"en-US","potentialAction":[{"@type":"ReadAction","target":["https:\/\/conferences.law.stanford.edu\/computational-antitrust-implementing-antitrust\/videos\/"]}]},{"@type":"BreadcrumbList","@id":"https:\/\/conferences.law.stanford.edu\/computational-antitrust-implementing-antitrust\/videos\/#breadcrumb","itemListElement":[{"@type":"ListItem","position":1,"name":"Home","item":"https:\/\/conferences.law.stanford.edu\/computational-antitrust-implementing-antitrust\/"},{"@type":"ListItem","position":2,"name":"Videos"}]},{"@type":"WebSite","@id":"https:\/\/conferences.law.stanford.edu\/computational-antitrust-implementing-antitrust\/#website","url":"https:\/\/conferences.law.stanford.edu\/computational-antitrust-implementing-antitrust\/","name":"Computational Antitrust: Implementing Antitrust 3.0","description":"","potentialAction":[{"@type":"SearchAction","target":{"@type":"EntryPoint","urlTemplate":"https:\/\/conferences.law.stanford.edu\/computational-antitrust-implementing-antitrust\/?s={search_term_string}"},"query-input":{"@type":"PropertyValueSpecification","valueRequired":true,"valueName":"search_term_string"}}],"inLanguage":"en-US"}]}},"_links":{"self":[{"href":"https:\/\/conferences.law.stanford.edu\/computational-antitrust-implementing-antitrust\/wp-json\/wp\/v2\/pages\/189","targetHints":{"allow":["GET"]}}],"collection":[{"href":"https:\/\/conferences.law.stanford.edu\/computational-antitrust-implementing-antitrust\/wp-json\/wp\/v2\/pages"}],"about":[{"href":"https:\/\/conferences.law.stanford.edu\/computational-antitrust-implementing-antitrust\/wp-json\/wp\/v2\/types\/page"}],"author":[{"embeddable":true,"href":"https:\/\/conferences.law.stanford.edu\/computational-antitrust-implementing-antitrust\/wp-json\/wp\/v2\/users\/112"}],"replies":[{"embeddable":true,"href":"https:\/\/conferences.law.stanford.edu\/computational-antitrust-implementing-antitrust\/wp-json\/wp\/v2\/comments?post=189"}],"version-history":[{"count":0,"href":"https:\/\/conferences.law.stanford.edu\/computational-antitrust-implementing-antitrust\/wp-json\/wp\/v2\/pages\/189\/revisions"}],"wp:attachment":[{"href":"https:\/\/conferences.law.stanford.edu\/computational-antitrust-implementing-antitrust\/wp-json\/wp\/v2\/media?parent=189"}],"curies":[{"name":"wp","href":"https:\/\/api.w.org\/{rel}","templated":true}]}}